
Let d(z) = 5*z**2 - z. Let q be 0/(-3*(-2)/6). Suppose q = 3*b - 1 - 2. What is the units digit of d(b)?
4
Let i(m) = -40*m**3 + 2*m**2 + 2*m + 1. What is the tens digit of i(-1)?
4
Let c(p) = -11*p - 1 + 12*p + 0. Let h be c(3). What is the units digit of (2 - h) + (-4 - -16)?
2
Let o be -4*1/(-4)*3. Let m = o + 1. What is the units digit of m?
4
Suppose -3*i - 2 = -17. Suppose -2*l + 3 = -i*h + 11, -4*l + 4 = 0. What is the units digit of 1 - h/4*-2?
2
Let n(b) = 2*b**3 + 3*b**2 + 2*b - 1. Let g be n(-2). Let s be 2/(-6) + (-57)/g. Suppose w + 2 = s. What is the units digit of w?
4
Let h be (-4)/(-6) + (-22)/(-3). Let u = 25 + -30. Let s = h + u. What is the units digit of s?
3
Let j = 0 - -2. Suppose 87 = 4*l - 3*w, j*w + 3*w - 100 = -5*l. What is the tens digit of l?
2
Suppose 3*w = -181 + 556. What is the hundreds digit of w?
1
Suppose q = -0*q + 6. Let d be (3/(-6))/((-1)/q). Suppose 0 = 2*x - g - 26, x + 6*g - d*g = 13. What is the units digit of x?
3
Let n = -317 + 214. Let o = n + 144. What is the units digit of o?
1
Let u(c) = 2*c**3 - 2*c - 3. Let d(q) = -q**3 + q + 1. Let p(y) = 5*d(y) + 2*u(y). Suppose -3*i = -0 + 6. What is the units digit of p(i)?
5
Let u(c) be the third derivative of c**4/24 - c**3/2 - c**2. Let m be u(6). Suppose -4 = -2*d - 2*n, 2*n = -m*d - 5 + 14. What is the units digit of d?
5
Let j = 501 - 353. What is the tens digit of j?
4
Suppose 0 = 4*w + 16 - 32. What is the units digit of w?
4
Let y = -14 - -22. Suppose -3 = -k - y. Let p = -1 - k. What is the units digit of p?
4
Suppose -1056 = -10*p + 304. What is the hundreds digit of p?
1
Suppose 43 = 4*r - 4*z - 29, -5*r = 3*z - 106. Suppose -5*k + 180 = -2*y, -k + 3*y + r = -29. What is the tens digit of k?
3
Suppose 180 = 4*b - 0*h + 3*h, 2*h + 8 = 0. What is the units digit of b?
8
Let m = 89 - 54. Let x = m + 0. What is the units digit of x?
5
Let s(j) = 3*j**2 - j. Let k be (24/(-16))/((-6)/8). Let t be s(k). Suppose 3*b = -2*b + t. What is the units digit of b?
2
Let m(y) be the third derivative of -1/24*y**4 - 2/3*y**3 + y**2 + 0*y + 0. What is the units digit of m(-10)?
6
Suppose 2*c - 27 = 7. Let n = c - 8. What is the units digit of n?
9
Suppose 2*d = -5*q - 25 - 2, -2*q - 8 = -2*d. Let r(f) = -41*f**3 - f**2 + 1. What is the tens digit of r(d)?
4
Suppose -4 = j - 0*j - 2*m, -2*m = 3*j - 4. Suppose -2*b + b = j. Suppose b = -5*a + 4 + 6. What is the units digit of a?
2
Let g(h) = 14*h**2 + 2*h + 1. What is the units digit of g(-1)?
3
Let m = 6 - -42. What is the units digit of m?
8
Let v(u) = 26*u**2 - 2*u + 1. Let j be v(1). Let g be -1 + 1 + 32/(-2). Let h = g + j. What is the units digit of h?
9
Let y be 12/24*-8*2. Let j(v) be the first derivative of v**4/4 + 7*v**3/3 - 5*v**2 - 11*v - 1. What is the units digit of j(y)?
5
Let g(x) = x + 1. Let n(m) = -27*m - 26. Let d(k) = 14*k + 13. Let f(r) = 11*d(r) + 6*n(r). Let v(a) = f(a) + 5*g(a). What is the tens digit of v(-9)?
1
Suppose -4*f = f - 10. What is the units digit of 15 - (f + 2 - 1)?
2
Let l(p) = 33*p**2 + 1. What is the units digit of l(-1)?
4
Let f be (0 - 1)*-3*5. Let q be 2/((-20)/(-11) - 2). Let x = q + f. What is the units digit of x?
4
Suppose -a - 5 + 8 = 0. Suppose 2*o - k - 71 = 0, -5*o + a*k = 7*k - 158. What is the units digit of o?
4
Let l(o) = -8*o - 15. What is the units digit of l(-6)?
3
Suppose 3*j - 3*i = 114, -3*j + 2*i + 150 - 32 = 0. What is the units digit of j?
2
Let n(w) = -2*w - 4. Let b be n(-4). Suppose 3*m - b*j - 36 = 2*m, -3*m + 93 = 3*j. What is the units digit of m?
2
Let s be (-5)/((-25)/(-26))*-10. Suppose -p = p - s. What is the tens digit of p?
2
Let i = 102 - 33. What is the units digit of i?
9
Let x(v) = -v**2 - v. Let b(u) = 4*u - 6. Let a(y) = -b(y) - x(y). What is the units digit of a(4)?
0
Let g(t) = t**3 + t**2 - t + 4. Let k be g(0). Suppose k*f = 15 + 37. What is the tens digit of f?
1
What is the units digit of (-555)/6*28/(-35)?
4
Suppose -5*t + 33 = -5*g + 658, -575 = -5*g - 5*t. What is the hundreds digit of g?
1
Let z be 16/6*45/12 + -1. Let b(x) = -x - 1. Let d(g) = 4*g + 2. Let s(l) = 3*b(l) + d(l). What is the units digit of s(z)?
8
Suppose -4*p = -0*p - 40. Let g be (-6)/p - (-18)/5. Suppose -5*h + 2*z + 23 = -0*z, -2*h - g*z - 6 = 0. What is the units digit of h?
3
Let h(f) = 0*f - 11*f + 2*f + 0*f + 3. What is the tens digit of h(-3)?
3
Suppose -3*u - 8 = -7*u. Let q(a) = -a**3 + 2*a**2 + 5*a - 6*a**2 - a**u. What is the units digit of q(-6)?
6
Let c(q) = 2*q**2 - 5*q + 1. What is the tens digit of c(4)?
1
Suppose 0 = 3*a + w - 243, -a = w - 58 - 25. What is the units digit of a?
0
What is the units digit of (-71)/((3/(-9))/((-1)/(-3)))?
1
Let r(u) = -u**2 + 6*u - 4. Let o be r(5). Let p = o - -9. What is the units digit of p?
0
What is the units digit of (3/(-15) + 831/(-45))*-3?
6
Suppose -d = -3*d + 20. Suppose -y - 12 = -5*y. Let w = d - y. What is the units digit of w?
7
Let n = 63 + -30. What is the tens digit of n?
3
Let q(f) = f. Let b be q(3). Suppose y + 44 = b*y. What is the tens digit of y?
2
Let z be 9/3 + 8 + -1. Let j(a) = a**2 - 9*a. What is the tens digit of j(z)?
1
Let v be (1 + -2)*(-1 + -1). Suppose -v = -5*j + 4*u, -2*j + 0*u + 6 = u. Suppose c - j = -0*c. What is the units digit of c?
2
Let y = -1 + 6. Let l = -2 + y. Suppose -12 = -l*k - 0. What is the units digit of k?
4
What is the tens digit of (-5)/((-30)/(-237))*-2?
7
Let h = -61 - -126. What is the units digit of h?
5
Let a(d) = 2*d + 8. Let k = -9 + 15. What is the tens digit of a(k)?
2
Let l be 2 - (6 - 2)/1. Let c(p) = p + 2. Let m be c(l). Suppose 3*r = -g + 5*g - 18, -3*g + r + 11 = m. What is the units digit of g?
3
Let g be (-18)/63 + 74/14. Suppose 0 = g*z - 2*z - 48. What is the tens digit of z?
1
Suppose 5*g - 4*g = -4*t - 4, -5*g + 40 = 5*t. What is the tens digit of g?
1
Let g(x) = x**3 + 8*x**2 + 9*x + 12. What is the tens digit of g(-6)?
3
Suppose 2*n = 5*h + 2, -2*h + 3 = -n + 4. What is the units digit of n?
1
Suppose -y - 4*z - 13 = 0, y + z = -3 + 2. What is the units digit of y?
3
Let f = 58 + -34. Let h = -5 + f. What is the tens digit of h?
1
Let n be 26/3 + (-2)/3. Let a = n - 7. What is the units digit of a?
1
Suppose 4*v = v + 3. Let d = 1 - v. Suppose -c + 4 + 3 = d. What is the units digit of c?
7
What is the units digit of (-408)/(-18)*(-6)/(-4)?
4
Suppose -20 + 152 = 4*l - 5*q, 5*l = 5*q + 160. What is the units digit of l?
8
Let k = -19 + 10. Let c be 6/(k/3) - 2. What is the tens digit of -8*2*3/c?
1
Suppose 0 = 3*a - 4*a + 3. Suppose -18 = -a*x + 24. What is the units digit of x?
4
Suppose -168 - 9 = -3*q. What is the tens digit of q?
5
Let z = 67 + 62. What is the hundreds digit of z?
1
Suppose 3*l + g - 33 = 0, 5*l - 5*g - 50 = 5. What is the tens digit of l?
1
Suppose -2*b + 30 = b. What is the tens digit of b?
1
Suppose -3*z = 2*n, -n + 3 = 3*z - 0. Suppose -7*r + 20 = -z*r. What is the units digit of 1/2*8/r?
1
Let r(z) = -17*z - 3. Let y be r(-3). Suppose -3*q - y = 6. Let i = q - -25. What is the units digit of i?
7
Let w = -2 - -3. Let i(y) = 13*y + 1. Let d be i(w). Let a = d + -7. What is the units digit of a?
7
Let d = -210 - -447. What is the hundreds digit of d?
2
Let u(p) = -p**3 - 3*p**2 + 6*p - 6. Let g be u(-5). Suppose 5*i - 6 = g. Suppose 0 = i*t + 2 - 18. What is the units digit of t?
4
Let g(q) = 6*q - 3 - q + 2 + 2. Let x be g(-4). Let t = -9 - x. What is the units digit of t?
0
Let q = 263 - 89. What is the hundreds digit of q?
1
Suppose 3*g - 2*g - 21 = 0. What is the tens digit of g?
2
Let d(q) = -q + 6. Let b be d(7). Let j be (-117)/(-4) + b/4. Let c = 41 - j. What is the tens digit of c?
1
Let y = 1 - 3. Let i = 4 + y. Suppose 2*a + 0*a + 30 = 4*b, -i*b + 4*a = -12. What is the units digit of b?
8
Let v be 5/(6/3 - 1). What is the units digit of (17 + 2)/(-4 + v)?
9
Suppose 0 = -2*p - 4*v + 14, 2*p - 80 = -2*p + 5*v. Let l = -11 + p. What is the units digit of (2 - 10/8)*l?
3
Let k = -13 + 18. What is the units digit of k?
5
Let z be (14/(-21))/((-1)/(-405)). What is the units digit of z/(-35) + 2/7?
8
Let t = 7 + -4. Suppose 3*q + 4 = -2*r, -13 = q + t*r - 0*r. What is the units digit of q?
2
Let l be -2*-14*(-1)/4. Let d(y) = 7*y - 5. Let m(i) = 6*i - 5. Let a(j) = 5*d(j) - 6*m(j). What is t